he prime factors of q.
2, 3, 5
Let k(c) = -7*c**2 + 2*c + 2. Suppose 0*m - 29 = -2*m + 5*s, -4*m + s = -13. Let i be k(m). Let b = i - -65. What are the prime factors of b?
43
Let w = -48 - 0. Let c = 65 + w. List the prime factors of c.
17
Let m(b) be the third derivative of -19*b**4/24 - 2*b**3/3 + b**2. Let o(i) = -24*i + 286. Let d be o(12). What are the prime factors of m(d)?
2, 17
Let v(y) = -3*y - 15. Let j be v(-12). What are the prime factors of 94 + (28/j - 2/(-3))?
2, 3
Let f = 32 + -29. Suppose f*u - 24 - 66 = 0. What are the prime factors of u?
2, 3, 5
Let l be (-1)/(5*5/2075). What are the prime factors of (2 - l)*6/5?
2, 3, 17
Suppose -3*m + n + 324 = 0, -3*n - 75 - 352 = -4*m. List the prime factors of m.
109
Let n(w) = -w**3 + 14*w**2 - 8. List the prime factors of n(9).
397
What are the prime factors of (520/(-3))/(11/(-33))?
2, 5, 13
Suppose 3*h = -4*g + 8200, g - 5*h - 1985 = 65. What are the prime factors of g?
2, 5, 41
Let h(p) = p**2 + 13*p - 9. Let z be h(-14). Suppose -z*d + 4*i + 86 = -154, 0 = 5*d - i - 240. List the prime factors of d.
2, 3
Suppose 0 = -4*g + 2*k + 3*k + 21, -k - 10 = 5*g. Let a = g - -19. List the prime factors of a.
2, 3
Suppose -6*b = -21 - 3. Suppose -5*c + 710 = p, -b*p + 6*p + 296 = 2*c. What are the prime factors of c?
11, 13
Let a(v) = -v**3 - 3*v**2 + 2. Let i be a(-3). Suppose 112 = i*s - 204. List the prime factors of s.
2, 79
Let i(g) = -g**3 + 17*g**2 + 50*g + 4. What are the prime factors of i(17)?
2, 7, 61
Let w(y) be the third derivative of y**5/120 - y**4/12 - y**3/6 + 5*y**2. Let k(v) be the first derivative of w(v). What are the prime factors of k(9)?
7
Let d(x) be the first derivative of x**2 + x + 2. Let n be d(2). List the prime factors of 2/(-5) + 182/n.
2, 3
Let i be (-24)/(-40) + (-36)/(-15). Let d(w) = 6*w - 7*w + 7 + 4*w**2 - 4*w. List the prime factors of d(i).
2, 7
Suppose 6*k + 8082 = 24426. Suppose -8*y = 4*y - k. List the prime factors of y.
227
Suppose 5*m - 6*g = -2*g - 361, 2*g + 75 = -m. Let n = -24 - m. List the prime factors of n.
7
Let b(w) = 5*w**2 + 35*w + 12. What are the prime factors of b(-11)?
2, 29
List the prime factors of 14/(-42)*-132*179/2.
2, 11, 179
Suppose 0 = 4*n - 3*y - 11, -y + 2 - 7 = 0. Let z be (-3 - -1)*n/1. Suppose -3 = -d + 4*i, 0 = d - z*i - 7 + 2. List the prime factors of d.
7
Let p(i) = 2*i**3 - 2*i**2 + i - 6. Let c be p(2). Suppose 322 = 3*s + c*s. What are the prime factors of s?
2, 23
Let z = 26 + -41. Let n be 5/(z/18)*-1. Suppose -n*y = 4 - 22. List the prime factors of y.
3
Let u = -38 - -41. Suppose u*v - 10 = v. What are the prime factors of (-1 - -1)/(-1) + v?
5
Let j = 1133 - 539. List the prime factors of j.
2, 3, 11
Let r be (5 + 0)*(19 - -2). Suppose 0 = l - 2*z - 90, -2*l - 5*z = -120 - r. What are the prime factors of l?
2, 5
Let x(l) = 4*l - 20. Let v be x(8). Let n = v + -9. Suppose 11 + 34 = n*i. List the prime factors of i.
3, 5
List the prime factors of ((-390)/(-25))/(27/1530).
2, 13, 17
Suppose -5*u = -4*o + 579, o = 4*u + 133 + 9. List the prime factors of o.
2, 73
Suppose 2*a = -2*a + 1036. Suppose 0 = -3*m - 64 + a. Suppose 5*d + w - 57 = 0, m = 2*d + 3*d + 5*w. List the prime factors of d.
11
Suppose -5 = u - 7. Suppose 5*h = -u*w + 124, w - 3*h + h = 80. List the prime factors of w.
2, 3
Let s(h) = -22*h + 4. Let x be s(-2). Suppose -3*u = 3*l - x, -5*l - 4*u + 77 = 2. Let p(q) = q - 5. What are the prime factors of p(l)?
2, 3
Let r(g) = 7*g - 6. Let i(s) = -s**2 + 7*s - 5. Let a be i(5). Let u be r(a). Suppose 2*n = n + u. What are the prime factors of n?
29
Let o = -3 + 19. Suppose 0 = 13*a - o*a + 408. List the prime factors of a.
2, 17
Let i(w) = w**2 + 5*w - 10. Let a be i(-7). Let u = a + 24. List the prime factors of 1*u - (0 - -3).
5
Let l = -48 + 99. Suppose 3*t - 4*t = -c + l, 145 = -3*t + 5*c. Let o = -36 - t. What are the prime factors of o?
19
Let b(d) = 9*d - 18*d**2 + 7*d**2 + 7*d**2 + 14*d**2 - 6. What are the prime factors of b(3)?
3, 37
Let x(q) = 51*q**2 - 45*q. List the prime factors of x(-3).
2, 3, 11
Let a(j) = j**3 + 18*j**2 - 19*j + 28. Let g be a(-19). Let l = 0 + g. What are the prime factors of l?
2, 7
Let s be 0/(3 + -5) + -1. Let k = s - -34. What are the prime factors of k?
3, 11
Let c = 1256 - 668. List the prime factors of c.
2, 3, 7
Let s(x) = -3*x + 6. Let p be s(5). Let u(q) = q**3 + 10*q**2 + 6*q. Let h be u(p). Suppose 2*t - 55 - 3 = 2*o, -o = t - h. List the prime factors of t.
2, 7
Let x(j) = j**3 - 12*j**2 + 2. Let b be x(12). Let r be (b + 0)*(-70)/(-4). Suppose -4*v - r = -103. List the prime factors of v.
17
Suppose -3*b = u + 211, u + 57 = -b + 4*u. Let o = b - -94. List the prime factors of o.
5
Suppose 14370 = 11*z - 15209. What are the prime factors of z?
2689
Suppose -5*b = 4*o - 1015, -o + 253 = -0*o + 2*b. What are the prime factors of o?
3, 5, 17
Suppose -5*x - 1565 = -3*d - d, -3*x - 939 = -d. Let m = x - -462. List the prime factors of m.
149
Let r = 6910 - 1954. What are the prime factors of r?
2, 3, 7, 59
Suppose -5*d - 395 = -4*o + 9156, 5*o = -d + 11946. What are the prime factors of o?
2389
List the prime factors of 2/(76175/(-8465) + 9).
1693
Let d = -43 - -122. Suppose -2*x = -l + d, -l + 3*l + 4*x = 182. What are the prime factors of l?
5, 17
Suppose -5*a + 10 = -2*g - 16, 3*g + 13 = a. Let p be (-2)/((a/(-20))/1). Let z = -2 + p. List the prime factors of z.
2
Let y = 1041 - 517. List the prime factors of y.
2, 131
Let a(v) = 597*v - 24. List the prime factors of a(2).
2, 3, 5, 13
Suppose 1584*o = 1580*o + 7308. What are the prime factors of o?
3, 7, 29
Let g(o) be the first derivative of -o**4/4 - 4*o**3/3 - 2*o**2 - 3. Let x be g(-3). Suppose -r - x*r + 85 = -5*a, -r + a = -21. List the prime factors of r.
2, 5
Let r = -43 - -67. Let y = r + 72. List the prime factors of y.
2, 3
Let m = 103 - -57. List the prime factors of m.
2, 5
Suppose 3*z + n + 213 = -308, -3*z + 4*n = 511. Let k = -88 - z. What are the prime factors of k?
5, 17
What are the prime factors of (3 + 22/(-6))/((-36)/82350)?
5, 61
Suppose 1072 = s + 5*r, -2*s = 3*r - 895 - 1249. What are the prime factors of s?
2, 67
List the prime factors of 1*3/(4 + (-993)/249).
3, 83
Let s(n) = 2*n**3 - 8*n**2 + 4*n + 29. List the prime factors of s(9).
5, 7
Suppose -64*w = 18016 - 208416. List the prime factors of w.
5, 7, 17
Suppose 0 = 5*b + 7*r - 2*r - 60, 4*r = -b + 12. Let d = -7 + b. Suppose -d*j = -3*c + 67, j = -2*c - 0*c + 62. List the prime factors of c.
29
List the prime factors of (36/(-3))/(-24) - 7053/(-2).
3527
List the prime factors of 21/(-2)*(-4)/12*114.
3, 7, 19
Let f(j) = -3*j - 4. Let r be f(-3). Suppose -x + r*w = -13, 3*w - 2 = -5*x + 35. What are the prime factors of x?
2
Let n = 472 - -327. List the prime factors of n.
17, 47
Let q = 3162 - 830. List the prime factors of q.
2, 11, 53
Suppose 0 = 24*d - 5414 - 55786. What are the prime factors of d?
2, 3, 5, 17
Let o = -15 - -16. Let z(u) = -20*u - o + 0 + 35*u. List the prime factors of z(1).
2, 7
Let q be ((-3 - -30) + -2)/1. Suppose -f + 4*w = 18, 2*w = -4*f + q - 7. List the prime factors of (-1*f)/((-18)/279).
31
Let x = 18 + 11. Suppose 5*m = 4*z - x, z + z + 2*m = -8. List the prime factors of (-1 - 41)/(-3) + z.
3, 5
Suppose 0 = -35*t + 409 + 31931. What are the prime factors of t?
2, 3, 7, 11
Suppose -x = -5*r - 313, 15*x - 17*x = -r - 635. List the prime factors of x.
2, 3, 53
Suppose -23 = -2*z + 13. Let j = 122 - 71. Suppose -z = 3*l - j. List the prime factors of l.
11
Let b(x) be the second derivative of -x**3/6 - 3*x**2 + 13*x. Let o be b(-6). Suppose 0 = 3*q + 4*f - 66, 4*q + f = -o*f + 88. List the prime factors of q.
2, 11
Let o(y) = 2*y + 3*y + y + 1 + y. Let q(h) = h**2 + h + 2. Let u be q(-2). List the prime factors of o(u).
29
Suppose 58*i - 3784 = 54*i. What are the prime factors of i?
2, 11, 43
Suppose -62*a = 24562 - 228914. List the prime factors of a.
2, 103
Let o be (6 + -128)*(-1)/2. Suppose -5*h + 77 = 3*a - 4*a, a + o = 4*h. Let z = 87 - h. List the prime factors of z.
71
Suppose -2117 = -17*g + 3663. List the prime factors of g.
2, 5, 17
Let o be (3 - -7 - -2) + 2. Suppose -o = -5*v - 4. Suppose v*k - f - 11 = 0, 16 = -0*k - 3*k - 5*f. What are the prime factors of k?
3
Suppose 5*p